ivisor of 55 and u.
11
Let r(j) = -2*j**2 + j + 4. Let g be r(2). Let o(f) = -107*f + 24. Let s be o(g). What is the greatest common factor of 70 and s?
14
Let o be 2/(-5) - (48/30 + -3). Let x be (-5)/o*(3 + -43 + 1). Calculate the highest common factor of x and 30.
15
Suppose -4*c = 63 - 283. Let q(x) = 9*x - 670. Let h be q(75). Calculate the greatest common factor of c and h.
5
Suppose l - 196 = 2*c, 7*l - 6*l + c - 199 = 0. Let p be l/4 + (-1)/(-6)*-3. What is the highest common factor of p and 14?
7
Suppose 1 - 21 = -2*t. Let y be 2/t - 12/(-15). Let l be ((-3)/(-12))/(y/2)*506. Calculate the greatest common divisor of 23 and l.
23
Suppose 0 = 4*k + 198 + 14. Let q = k - -61. Let g be -8 + q - (-2 - 1). Calculate the highest common divisor of g and 33.
3
Let z = -7730 - -8435. What is the greatest common factor of 375 and z?
15
Suppose -11*x + 2782 + 1857 = -4898. Calculate the highest common factor of x and 408.
51
Let k(b) = b + 2. Let v = 26 + -29. Let o be k(v). Let m be (-3 - -4 - -4) + o. What is the greatest common factor of m and 4?
4
Let k be (-4)/(-6) - 3*(-1)/9. Let j(x) = 73*x - 8. Let p be j(k). What is the greatest common divisor of 13 and p?
13
Let r = 32327 + -32119. What is the highest common factor of 897 and r?
13
Let c(u) = 4*u - 15. Let n = -15 - -15. Let b be c(n). Let z(y) = -y**3 - 14*y**2 + 14*y + 15. Let x be z(b). What is the highest common factor of x and 20?
10
Suppose 113 = 3*q - 76. Let n = -26822 - -26840. What is the greatest common factor of n and q?
9
Let a = 3398 - 3385. What is the greatest common factor of a and 33163?
13
Let o = 223 + -220. Let p = 1 + -1. Suppose o*m + 2*h - 44 - 227 = p, 92 = m - h. What is the greatest common divisor of 13 and m?
13
Let d be (116/(-12) + 11)/(2/39). Calculate the highest common factor of 1612 and d.
26
Suppose -7*i - 25 = -12*i - 5*n, 0 = 4*n - 20. Let a be (0 + 2)*(0 - -7). Suppose -a*g + i*g = -126. What is the greatest common factor of 9 and g?
9
Let f(n) = -n - 12. Let y be f(-7). Let i(b) = 7*b + 47. Let m be i(y). Suppose o - m + 5 = 0. What is the greatest common factor of o and 1?
1
Suppose -57*l + 4592 = -10456. What is the highest common divisor of l and 165?
33
Let u(i) = 5*i - 26. Let m be u(6). Let d be m - (6 - 4 - 2289). Suppose -364 = -5*q + d. What is the greatest common factor of q and 59?
59
Let u be -17*(-5)/4 + 2/(-8). Let o be -4 - ((-68)/16 + 2/8). Suppose -z - 3*p = -p - 20, o = 3*z - 3*p - 96. What is the highest common divisor of z and u?
7
Let l be -4 - (10/(-115) - (-159705)/(-345)). Calculate the highest common divisor of l and 189.
27
Let l = 1 + 0. Let v(h) be the second derivative of 7*h**5/20 - h**4/4 + h**3/3 + 556*h. Let i be v(l). Calculate the greatest common factor of i and 48.
6
Suppose 0 = 5*g - 644 + 149. Let m = 179 - 89. Let p be 2/(16/m) + 10/(-40). Calculate the greatest common divisor of p and g.
11
Let s be 25175/133 - 4/14. Let h(z) = z**3 + 21. Suppose 2*t = 4*q, 0 = -5*t + q + q. Let c be h(t). Calculate the highest common divisor of s and c.
21
Suppose -9 = 3*f, -5*f + f = -5*w + 162. Let k be (-10 - w)/((-4)/136). Calculate the greatest common factor of k and 85.
85
Suppose -1795 = -77*w - 178. Calculate the greatest common factor of w and 7539.
21
Let j(y) be the first derivative of -7*y**2/2 - 31*y + 6. Let r be j(-9). What is the highest common factor of r and 176?
16
Let g = -15 - 21. Let l = 35 + g. Let y be ((-27)/(-36))/(l/(-40)). Calculate the greatest common divisor of 15 and y.
15
Suppose o = 9*o - 12*o. Suppose o = 2*f + p - 1151, -39*p + 43*p = f - 562. Calculate the greatest common divisor of f and 28.
14
Let w(l) = -l**2 + 189*l - 2328. Let m be w(175). Calculate the greatest common divisor of 40626 and m.
122
Suppose 0 = 5*w - 3*y + 202 - 197, 0 = w - 3*y + 13. What is the greatest common factor of w and 53?
1
Let q = 26997 - 19302. Calculate the greatest common factor of 90 and q.
45
Suppose 8 = 4*t + 2*a, -a - 2 = -t + 6. Suppose -17 = -2*r + 75. Suppose 2*f + 5*o - 28 = r, 3*f - 2*o - 92 = 0. What is the highest common divisor of f and t?
4
Suppose 0 = -2*r - 3 + 11. Suppose 2*i = 5*w + 5*i + 15, r*i + 10 = -5*w. Let a be 96/36*w/(-8). Calculate the highest common factor of a and 18.
2
Let o(j) = -14*j**3 - 4*j**2 + 3*j + 7. Let l be o(-5). Let s = l + -454. Let p be ((-2)/(-3))/(12/s). Calculate the greatest common divisor of 22 and p.
22
Let x be (348/(-18))/((-17)/204). Calculate the highest common divisor of 435 and x.
29
Suppose -2*x + 4288 = -4*r, 67*x - 70*x + 4*r = -6430. Calculate the highest common factor of 252 and x.
126
Let i be 15 + 24/(32/(-8)). Let s = 130 - 109. What is the highest common divisor of i and s?
3
Let j = -34 - -34. Suppose -14*r + 13*r + 6 = j. Let n be 1916/8 + -1 - (-9)/r. Calculate the greatest common factor of n and 48.
48
Suppose 44*b - 3281 + 665 = 20*b. What is the greatest common factor of 9047 and b?
109
Let k be 71184/9 - (-494)/57. Calculate the highest common factor of k and 214.
214
Let k = 516 + -1026. Let z = k - -580. Let u(f) = 27*f**2 + 1. Let s be u(1). What is the greatest common factor of z and s?
14
Let v = -11831 + 13871. Calculate the highest common factor of 2280 and v.
120
Let u(b) = 269*b + 702. Let f be u(7). Calculate the greatest common factor of f and 423.
47
Suppose 2*u = -42*f + 40*f + 1508, 3*u = 5*f + 2230. Calculate the highest common factor of u and 285.
15
Suppose -15 = -a - x - 3*x, -74 = -2*a + 3*x. Suppose 0 = -a*s - 5*s + 2232. What is the highest common divisor of 155 and s?
31
Suppose -2*y + 0*f + 165 = -3*f, f - 309 = -4*y. Let c = y - -17. Calculate the highest common divisor of c and 19.
19
Let v = -9524 - -9552. Calculate the highest common factor of 294 and v.
14
Let p be 14/(-4) + 9/(-18). Let c be (-2)/p*(0 + -36)/6. Let w be ((-2)/c + 0)*24. What is the greatest common factor of w and 4?
4
Suppose 391 = 5*t - o, -47 = 4*t + 4*o - 355. What is the highest common divisor of t and 1599?
39
Suppose 39*x + 33*x = 35856. Calculate the greatest common divisor of 4 and x.
2
Let p(q) = -4*q - 62. Let v be p(-16). Suppose -v*k + 32 + 29 = -m, -5 = -m. Let b = k + -30. What is the greatest common factor of 9 and b?
3
Let k(u) = u**3 - 2*u**2 - 5*u + 10. Let z be k(2). Let p be (-33)/3 + 9 - (z - 547). Calculate the greatest common factor of 5 and p.
5
Suppose -45*z + 44*z + 2 = 0. Let f be (0 - z) + -3 + (1 - -6). Suppose -f*y = -r + 46, -r + 67 = r + y. What is the greatest common factor of 84 and r?
12
Suppose -8*v + 21*v + 546 = 0. Let w be 3/v*2 + (-66)/(-21). Let u(n) = n**2 - 3. Let q be u(-3). Calculate the highest common divisor of w and q.
3
Let i be ((-110)/(-6))/(1/3). Let b be -12*((-15)/6)/5. Let a(g) = 19*g - 109. Let l be a(b). Calculate the highest common factor of i and l.
5
Suppose -259 - 93 = -2*y. Let f be ((-30)/45)/(1/36). Let j be f/(-9)*(-7 - -13). Calculate the highest common factor of y and j.
16
Suppose x = -5, 0*a - 3*a - x - 14 = 0. Let b be (47/5)/(14/(-5) - a). Let i be (-5 - -2)/(9/(-282)). What is the greatest common divisor of i and b?
47
Let b(x) be the first derivative of -8*x**2 + 152*x - 67. Let z be b(5). What is the greatest common divisor of z and 48?
24
Let b be (-202)/(-18) - (-18)/(-81). Suppose b*v + 64 = 3*v. Let t be 20/(-8)*(v/(-10))/(-2). Calculate the greatest common factor of t and 11.
1
Suppose -14*p + 10*p + 5*s = -19, 0 = 5*p - 3*s - 27. Suppose -125 = -p*j + 73. Calculate the greatest common divisor of 99 and j.
33
Suppose -23*w + 49*w = 23*w + 828. What is the greatest common factor of w and 474?
6
Suppose 90*m - 92*m + 824 = 5*q, -4*q - 1648 = -4*m. Calculate the greatest common factor of m and 28016.
412
Suppose 4*u = -90 - 98. Let w = u + 50. Suppose -w*l - 15 = 0, 2*s - 29 = -0*l + l. Calculate the greatest common factor of 24 and s.
12
Let m = 148 - 134. Suppose -m*o - 630 = -5334. What is the highest common factor of 48 and o?
48
Suppose 211*u = 230*u - 1140. What is the greatest common factor of u and 18780?
60
Let t = -14 + -103. Let r = 1029 - 902. Let o = r + t. Calculate the greatest common divisor of o and 35.
5
Let j be 8 - (-2 - -2 - (-1)/(-1)). Calculate the greatest common divisor of j and 27.
9
Suppose 5*f = 2*f - 105. Suppose -123*n + 221 = -112*